{"id":57,"date":"2021-06-04T08:58:01","date_gmt":"2021-06-04T08:58:01","guid":{"rendered":"https:\/\/cdl-aragon.es\/congresosecah\/?page_id=57"},"modified":"2021-10-05T09:56:39","modified_gmt":"2021-10-05T09:56:39","slug":"valle-del-guadalquivir","status":"publish","type":"page","link":"https:\/\/cdl-aragon.es\/congresosecah\/index.php\/valle-del-guadalquivir\/","title":{"rendered":"Valle del Guadalquivir"},"content":{"rendered":"\n<h2 class=\"has-vivid-cyan-blue-color has-text-color wp-block-heading\">R\u00edo arriba, r\u00edo abajo: alfarer\u00eda y comercio cer\u00e1mico a trav\u00e9s del Guadalquivir y de otras cuencas fluviales de la B\u00e9tica<\/h2>\n\n\n\n<h4 class=\"wp-block-heading\">Por Dar\u00edo Bernal Casasola y Enrique Garc\u00eda Vargas<\/h4>\n\n\n\n<div class=\"wp-block-columns is-layout-flex wp-container-core-columns-is-layout-9d6595d7 wp-block-columns-is-layout-flex\">\n<div class=\"wp-block-column is-layout-flow wp-block-column-is-layout-flow\">\n<p class=\"has-black-color has-text-color has-large-font-size\"><strong>Dar\u00edo Bernal Casaola<\/strong><\/p>\n<\/div>\n\n\n\n<div class=\"wp-block-column is-vertically-aligned-center has-pale-cyan-blue-color has-text-color is-layout-flow wp-block-column-is-layout-flow\">\n<hr class=\"wp-block-separator alignfull is-style-wide\"\/>\n<\/div>\n<\/div>\n\n\n\n<div class=\"wp-block-columns has-black-color has-text-color is-layout-flex wp-container-core-columns-is-layout-9d6595d7 wp-block-columns-is-layout-flex\">\n<div class=\"wp-block-column is-layout-flow wp-block-column-is-layout-flow\" style=\"flex-basis:200px\">\n<figure class=\"wp-block-image size-full\"><img loading=\"lazy\" decoding=\"async\" width=\"768\" height=\"1024\" src=\"https:\/\/cdl-aragon.es\/congresosecah\/wp-content\/uploads\/2021\/09\/G9WTmrAg.jpeg\" alt=\"\" class=\"wp-image-422\" srcset=\"https:\/\/cdl-aragon.es\/congresosecah\/wp-content\/uploads\/2021\/09\/G9WTmrAg.jpeg 768w, https:\/\/cdl-aragon.es\/congresosecah\/wp-content\/uploads\/2021\/09\/G9WTmrAg-225x300.jpeg 225w\" sizes=\"auto, (max-width: 768px) 100vw, 768px\" \/><\/figure>\n\n\n\n<p class=\"has-text-align-center\"><a href=\"mailto:dario.bernal@uca.es\">dario.bernal@uca.es<\/a><\/p>\n<\/div>\n\n\n\n<div class=\"wp-block-column is-layout-flow wp-block-column-is-layout-flow\" style=\"flex-basis:75%\">\n<p>Arque\u00f3logo. Licenciado en Geograf\u00eda e Historia por la&nbsp;Universidad Aut\u00f3noma (1997) y Doctor por la misma instituci\u00f3n madrile\u00f1a (1997).&nbsp;Actualmente&nbsp;Catedr\u00e1tico de Arqueolog\u00eda en la Universidad de C\u00e1diz.<\/p>\n\n\n\n<p>Director de varios proyectos de\u00a0I+D+iy\u00a0de Actividades Arqueol\u00f3gicas en las\u00a0ciudades de\u00a0<em>Baelo Claudia<\/em>,\u00a0<em>Iulia Traducta<\/em>,\u00a0<em>Gades<\/em> y su\u00a0<em>territorium<\/em>,\u00a0y\u00a0<em>Septem\u00a0Fratres<\/em>; y\u00a0en el extranjero, en Pompeya\/Herculano, Portopalo (Siracusa) y Tamuda\u00a0y Norte de Marruecos.<\/p>\n\n\n\n<p>Profesor invitado en varias universidades europeas,&nbsp;especialmente italianas&nbsp;y&nbsp;Miembro Correspondiente de la Real Academia de la&nbsp;Historia en C\u00e1diz.<\/p>\n\n\n\n<p>Ha publicado&nbsp;diversas monograf\u00edas y art\u00edculos cient\u00edficos y dirigido&nbsp;quince Tesis&nbsp;Doctorales&nbsp;sobre \u00e1nforas, contextos cer\u00e1micos y la importancia de la cultura&nbsp;material para las tem\u00e1ticas de Arqueolog\u00eda de la Producci\u00f3n, tanto en Andaluc\u00eda&nbsp;como en la antigua&nbsp;<em>Tingitana<\/em>, el denominado C\u00edrculo del Estrecho.<\/p>\n<\/div>\n<\/div>\n\n\n\n<div class=\"wp-block-group alignfull has-pale-cyan-blue-background-color has-background\"><div class=\"wp-block-group__inner-container is-layout-flow wp-block-group-is-layout-flow\"><\/div><\/div>\n\n\n\n<div class=\"wp-block-columns is-layout-flex wp-container-core-columns-is-layout-9d6595d7 wp-block-columns-is-layout-flex\">\n<div class=\"wp-block-column is-vertically-aligned-center has-pale-cyan-blue-color has-text-color is-layout-flow wp-block-column-is-layout-flow\">\n<hr class=\"wp-block-separator alignfull is-style-wide\"\/>\n<\/div>\n\n\n\n<div class=\"wp-block-column is-layout-flow wp-block-column-is-layout-flow\">\n<p class=\"has-text-align-right has-black-color has-text-color has-large-font-size\"><strong><strong>Enrique Garc\u00eda Vargas<\/strong><\/strong><\/p>\n<\/div>\n<\/div>\n\n\n\n<div class=\"wp-block-columns has-black-color has-text-color is-layout-flex wp-container-core-columns-is-layout-9d6595d7 wp-block-columns-is-layout-flex\">\n<div class=\"wp-block-column is-layout-flow wp-block-column-is-layout-flow\" style=\"flex-basis:75%\">\n<p class=\"has-text-color has-extra-small-font-size\" style=\"color:#000000\">Arque\u00f3logo. Licenciado en Geograf\u00eda e Historia por la Universidad&nbsp;de&nbsp;Sevilla(1987) y Doctor por la misma instituci\u00f3n (1997). <\/p>\n\n\n\n<p class=\"has-text-color has-extra-small-font-size\" style=\"color:#000000\">Actualmente&nbsp;Profesor Titular de&nbsp;Arqueolog\u00eda en la Universidad de Sevilla.&nbsp;Director de proyecto I+D+i&nbsp;(actual) sobre el Tesoro de Tomares, proyectos de investigaci\u00f3n&nbsp;conjuntos con la Universidad de Montpellier sobre el artesanado cer\u00e1mico en el valle del&nbsp;Guadalquivir (PAEBR, 2013-2015) y Olerastro, 2015-2019.<\/p>\n\n\n\n<p>Ha publicado diversas monograf\u00edas y art\u00edculos cient\u00edficos&nbsp;sobre producci\u00f3n cer\u00e1mica, \u00e1nforas,&nbsp;historia econ\u00f3mica, estudios territoriales, arqueolog\u00eda del Paisaje&nbsp;y dirigido&nbsp;siete Tesis&nbsp;Doctorales, dos de ellas cotuteladas en Montpellier y una en Messina (Italia).&nbsp;<\/p>\n<\/div>\n\n\n\n<div class=\"wp-block-column is-layout-flow wp-block-column-is-layout-flow\" style=\"flex-basis:200px\">\n<figure class=\"wp-block-image size-large\"><img loading=\"lazy\" decoding=\"async\" width=\"717\" height=\"1024\" src=\"https:\/\/cdl-aragon.es\/congresosecah\/wp-content\/uploads\/2021\/09\/Wwx4PWNA-717x1024.jpeg\" alt=\"\" class=\"wp-image-425\" srcset=\"https:\/\/cdl-aragon.es\/congresosecah\/wp-content\/uploads\/2021\/09\/Wwx4PWNA-717x1024.jpeg 717w, https:\/\/cdl-aragon.es\/congresosecah\/wp-content\/uploads\/2021\/09\/Wwx4PWNA-210x300.jpeg 210w, https:\/\/cdl-aragon.es\/congresosecah\/wp-content\/uploads\/2021\/09\/Wwx4PWNA-768x1097.jpeg 768w, https:\/\/cdl-aragon.es\/congresosecah\/wp-content\/uploads\/2021\/09\/Wwx4PWNA-1076x1536.jpeg 1076w, https:\/\/cdl-aragon.es\/congresosecah\/wp-content\/uploads\/2021\/09\/Wwx4PWNA.jpeg 1147w\" sizes=\"auto, (max-width: 717px) 100vw, 717px\" \/><\/figure>\n\n\n\n<p class=\"has-text-align-center\"><a href=\"mailto:dario.bernal@uca.es\"><\/a><a href=\"mailto:egarcia@us.es\">egarcia@us.es<\/a><\/p>\n<\/div>\n<\/div>\n\n\n\n<hr class=\"wp-block-separator has-text-color has-background has-pale-cyan-blue-background-color has-pale-cyan-blue-color is-style-wide\"\/>\n\n\n\n<h2 class=\"has-pale-cyan-blue-color has-text-color has-medium-font-size wp-block-heading\" style=\"line-height:1.4\"><strong>R\u00edo arriba, r\u00edo abajo: alfarer\u00eda y comercio cer\u00e1mico a trav\u00e9s del Guadalquivir y de otras cuencas fluviales de la B\u00e9tica<\/strong><\/h2>\n\n\n\n<div class=\"wp-block-columns is-layout-flex wp-container-core-columns-is-layout-9d6595d7 wp-block-columns-is-layout-flex\">\n<div class=\"wp-block-column is-vertically-aligned-top is-layout-flow wp-block-column-is-layout-flow\" style=\"flex-basis:100%\">\n<div class=\"wp-block-group\"><div class=\"wp-block-group__inner-container is-layout-flow wp-block-group-is-layout-flow\">\n<div class=\"wp-block-columns is-layout-flex wp-container-core-columns-is-layout-9d6595d7 wp-block-columns-is-layout-flex\">\n<div class=\"wp-block-column is-layout-flow wp-block-column-is-layout-flow\">\n<p class=\"has-normal-font-size\">Los r\u00edos de la Pen\u00ednsula Ib\u00e9rica no presentan en su mayor\u00eda caracter\u00edsticas f\u00edsicas (gran caudal,&nbsp;escasa pendiente y prolongada) que los conviertan en f\u00e1cilmente navegables. Incluso r\u00edos&nbsp;importantes como el Tajo&nbsp;o&nbsp;el Guadalquivir s\u00f3lo son navegables en su tramo final. Si \u00e9ste \u00faltimo&nbsp;r\u00edo,&nbsp;el antiguo&nbsp;<em>Baetis<\/em> pudo navegarse unos 200 kil\u00f3metros hasta su cauce medio, fue gracias al&nbsp;acondicionamiento de sus riberas con obras que pretend\u00edan evitar la dispersi\u00f3n de sus aguas, y&nbsp;de su cauce central mediante diques que permitieran acumular un caudal&nbsp;de agua suficiente&nbsp;para garantizar la transitabilidad de algunos tramos.&nbsp;<\/p>\n\n\n\n<p class=\"has-normal-font-size\">S\u00f3lo gracias a estas obras de acondicionamiento del Guadalquivir (probablemente realizadas y&nbsp;mantenidas por los&nbsp;<em>procuratores ad ripas Baetis<\/em>&nbsp;atestiguados por la epigraf\u00eda), se consigui\u00f3 a&nbsp;partir de \u00e9poca de Augusto, como se\u00f1ala Estrab\u00f3n, extender las zonas transitables aguas arriba&nbsp;de&nbsp;<em>Hispalis<\/em> (Sevilla), donde llegaban los grandes mercantes mar\u00edtimos, hasta&nbsp;<em>Ilipa Magna<\/em> (Alcal\u00e1&nbsp;del R\u00edo), hasta donde se navegaba con barcas fluviales y,&nbsp;finalmente, hasta&nbsp;<em>Corduba<\/em> (C\u00f3rdoba),&nbsp;la capital provincial, adonde se llegaba con barcazas de fondo plano.<\/p>\n\n\n\n<p class=\"has-normal-font-size\">Los grandes afluentes del Guadalquivir, como el Genil (<em>Singilis<\/em>), en su&nbsp;margen derecha, o el&nbsp;Guadiamar (<em>Maenoba<\/em>), en su margen izquierda, fueron tambi\u00e9n acondicionados para la&nbsp;navegaci\u00f3n en sus \u00faltimos kil\u00f3metros: desde&nbsp;<em>Astigi<\/em>&nbsp;(\u00c9cija) en el primer caso y a partir de&nbsp;<em>Laelia<\/em> (cerro de la Cabeza, Olivares) al menos en el segundo.<\/p>\n\n\n\n<p class=\"has-normal-font-size\">Finalmente, un cauce importante susceptible de navegaci\u00f3n al menos desde el&nbsp;Portil, en Jerez&nbsp;de la Frontera, fue el Guadalete (\u00bf<em>Lacca<\/em>?) que desemboca en el Puerto de Santa Mar\u00eda frente a&nbsp;las islas de C\u00e1diz (<em>Gades<\/em>) ya en la bah\u00eda gaditana.&nbsp;<\/p>\n\n\n\n<p class=\"has-normal-font-size\">Es evidente que estas obras carecer\u00edan de sentido si no resultasen rentables y favorecedoras de&nbsp;la econom\u00eda regional una vez constituida la provincia: por el Guadalquivir siguieron bajando los&nbsp;metales del sector occidental de Sierra Morena, que se prolongaba m\u00e1s all\u00e1 del valle de este r\u00edo&nbsp;hasta el del Guadiamar, cuyo tramo navegable parece haber&nbsp;cumplido la misma funci\u00f3n con&nbsp;respecto a las minas de la actual Aznalcollar. Pero fue sobre todo la posibilidad de drenar las&nbsp;producciones agr\u00edcolas regionales, el vino y, especialmente el aceite, hasta el puerto fluvio-mar\u00edtimo de&nbsp;<em>Hispalis<\/em> lo que aconsej\u00f3 mantener a pleno rendimiento&nbsp;las infraestructuras fluviales de navegaci\u00f3n, incluidos los caminos de sirga que facilitaban el remonte de las naves cuando el&nbsp;tr\u00e1fico era r\u00edo arriba y cuyo mantenimiento debi\u00f3 estar encomendado a los mismos&nbsp;<em>procuratores<\/em>&nbsp;que actuaban sobre las riberas.<\/p>\n\n\n\n<p class=\"has-normal-font-size\">Puede hablarse entonces en la B\u00e9tica imperial de un \u201csistema fluvial\u201d complejo centrado en el&nbsp;eje&nbsp;provincial mayor, el del&nbsp;<em>Baetis<\/em>, pero no \u00fanicamente constituido por \u00e9ste, ya que arterias&nbsp;como el Guadalete, e incluso las ensenadas navegables de los r\u00edos mediterr\u00e1neos, aseguraban&nbsp;el acceso a puntos relativamente interiores al menos en las \u00e1reas de las desembocaduras,&nbsp;mucho menos colmatadas que en la actualidad. En este sistema fluvial deben incluirse tambi\u00e9n&nbsp;los esteros o r\u00edas del Guadalquivir que en el tramo final del valle del r\u00edo hacen que el agua&nbsp;penetre varios kil\u00f3metros al menos en marea alta, particularidad que de nuevo es recogida por&nbsp;Estrab\u00f3n quien la vincula a las expectativas comerciales de las \u00e1reas por ellos afectadas.<\/p>\n\n\n\n<p class=\"has-normal-font-size\">Tambi\u00e9n, sin duda deben estar incluidos los ca\u00f1os de marea tan caracter\u00edsticos de las zonas&nbsp;marisme\u00f1as de las bocas de los r\u00edos, en especial el ca\u00f1o de Sancti Petri, que desde la isla del&nbsp;mismo nombre hasta su desag\u00fce en el interior de la bah\u00eda en el ca\u00f1o de la Carraca, permit\u00eda acceder f\u00e1cilmente a las \u00e1reas de marismas de la misma al rodear la isla de San Fernando; pero&nbsp;tambi\u00e9n el llamado r\u00edo San Pedro que no es sino un paleocauce del Guadalete convertido en&nbsp;ca\u00f1o de marea que penetra unos 25 km. separando los t\u00e9rminos municipales de Jerez y Puerto&nbsp;Real. <\/p>\n\n\n\n<p class=\"has-normal-font-size\">Dada la diversidad ecol\u00f3gica de orientaciones econ\u00f3micas de ambos&nbsp;subsistemas, el del&nbsp;Guadalquivir y el del Guadalete, las relaciones de los tramos navegables de los mismos con la&nbsp;econom\u00eda local y, en especial con la industria alfarera antigua, han sido muy diferentes.&nbsp;No&nbsp;obstante, la l\u00f3gica central de \u00e9sta relaci\u00f3n se establece en torno a una m\u00e1xima econ\u00f3mica&nbsp;incontestable: la ventaja del transporte fluvial sobre el terrestre tanto en velocidad, como en&nbsp;seguridad y, sobre todo,&nbsp;en&nbsp;coste. Se ha calculado que&nbsp;una carga cualquiera cuyo coste transportado por mar sea de 1 unidad, se encarece hasta 5 unidades por v\u00eda fluvial y hasta 50 si&nbsp;es por v\u00eda terrestre. Es decir, que el sobrecosto de la v\u00eda terrestre sobre la fluvial se multiplica&nbsp;por 10. Siguiendo esta l\u00f3gica, es&nbsp;f\u00e1cilcomprender por qu\u00e9 la inmensa mayor\u00eda de los alfares&nbsp;\u201cindustriales\u201d del Guadalquivir medio y bajo se encuentren a unos 2 km del r\u00edo como mucho&nbsp;(con escasasexcepciones que se intentar\u00e1n explicar con relaci\u00f3n a otras variables m\u00e1s decisivasen determinadosmomentosque la inmediatez del acceso a un cauce navegable).<\/p>\n\n\n\n<p class=\"has-normal-font-size\">Nuestro trabajo pretende ser una s\u00edntesis del estado del conocimiento actual sobre los alfares y&nbsp;los r\u00edos en el sistema fluvial b\u00e9tico, con especial atenci\u00f3n a los grandes ejes del Guadalete y el&nbsp;Guadalquivir y sus afluentes, en los que la industria alfarera, y en especial, la anf\u00f3rica constituy\u00f3&nbsp;un important\u00edsimo sector econ\u00f3mico relacionado con&nbsp;el envasado del&nbsp;<em>garum<\/em>&nbsp;y las&nbsp;<em>salsamenta<\/em>,&nbsp;el vino y el aceite b\u00e9ticos.&nbsp;De forma complementaria, se tratar\u00e1&nbsp;igualmentedel car\u00e1cter de los&nbsp;cauces fluviales regionales como vectores de \u201cimportaci\u00f3n\u201d cer\u00e1mica, una cuesti\u00f3n que&nbsp;comienza a ser considerada y reconocida gracias a los \u00faltimos trabajos dedicados al consumo de&nbsp;cer\u00e1micas y alimentos en los grandes puertos fluviales de la regi\u00f3n, pero sobre cuya&nbsp;caracterizaci\u00f3n y conocimiento se ha trabajado con menos intensidad que sobre los aspectos&nbsp;productivos y exportadores de la provincia. privado que comunicarle.<\/p>\n<\/div>\n<\/div>\n<\/div><\/div>\n<\/div>\n<\/div>\n","protected":false},"excerpt":{"rendered":"<p>R\u00edo arriba, r\u00edo abajo: alfarer\u00eda y comercio cer\u00e1mico a trav\u00e9s del Guadalquivir y de otras cuencas fluviales de la B\u00e9tica Por Dar\u00edo Bernal Casasola y Enrique Garc\u00eda Vargas Dar\u00edo Bernal &#8230;<\/p>\n","protected":false},"author":1,"featured_media":0,"parent":0,"menu_order":0,"comment_status":"closed","ping_status":"closed","template":"","meta":{"footnotes":""},"class_list":["post-57","page","type-page","status-publish","hentry"],"_links":{"self":[{"href":"https:\/\/cdl-aragon.es\/congresosecah\/index.php\/wp-json\/wp\/v2\/pages\/57","targetHints":{"allow":["GET"]}}],"collection":[{"href":"https:\/\/cdl-aragon.es\/congresosecah\/index.php\/wp-json\/wp\/v2\/pages"}],"about":[{"href":"https:\/\/cdl-aragon.es\/congresosecah\/index.php\/wp-json\/wp\/v2\/types\/page"}],"author":[{"embeddable":true,"href":"https:\/\/cdl-aragon.es\/congresosecah\/index.php\/wp-json\/wp\/v2\/users\/1"}],"replies":[{"embeddable":true,"href":"https:\/\/cdl-aragon.es\/congresosecah\/index.php\/wp-json\/wp\/v2\/comments?post=57"}],"version-history":[{"count":45,"href":"https:\/\/cdl-aragon.es\/congresosecah\/index.php\/wp-json\/wp\/v2\/pages\/57\/revisions"}],"predecessor-version":[{"id":560,"href":"https:\/\/cdl-aragon.es\/congresosecah\/index.php\/wp-json\/wp\/v2\/pages\/57\/revisions\/560"}],"wp:attachment":[{"href":"https:\/\/cdl-aragon.es\/congresosecah\/index.php\/wp-json\/wp\/v2\/media?parent=57"}],"curies":[{"name":"wp","href":"https:\/\/api.w.org\/{rel}","templated":true}]}}