{"id":55,"date":"2021-06-04T08:51:57","date_gmt":"2021-06-04T08:51:57","guid":{"rendered":"https:\/\/cdl-aragon.es\/congresosecah\/?page_id=55"},"modified":"2021-10-05T10:22:14","modified_gmt":"2021-10-05T10:22:14","slug":"valle-del-ebro","status":"publish","type":"page","link":"https:\/\/cdl-aragon.es\/congresosecah\/index.php\/valle-del-ebro\/","title":{"rendered":"R\u00edo Ebro"},"content":{"rendered":"\n<h2 class=\"has-vivid-cyan-blue-color has-text-color wp-block-heading\">Hitos cer\u00e1micos del valle del Ebro en \u00e9poca romana<\/h2>\n\n\n\n<h4 class=\"wp-block-heading\">Por Miguel Beltr\u00e1n Lloris<\/h4>\n\n\n\n<div class=\"wp-block-columns is-layout-flex wp-container-core-columns-is-layout-9d6595d7 wp-block-columns-is-layout-flex\">\n<div class=\"wp-block-column is-vertically-aligned-center is-layout-flow wp-block-column-is-layout-flow\">\n<hr class=\"wp-block-separator has-text-color has-background has-pale-cyan-blue-background-color has-pale-cyan-blue-color is-style-wide\"\/>\n<\/div>\n\n\n\n<div class=\"wp-block-column is-vertically-aligned-center is-layout-flow wp-block-column-is-layout-flow\">\n<p class=\"has-black-color has-text-color has-large-font-size\"><strong>Miguel Beltr\u00e1n Lloris<\/strong><\/p>\n<\/div>\n<\/div>\n\n\n\n<div class=\"wp-block-columns is-layout-flex wp-container-core-columns-is-layout-9d6595d7 wp-block-columns-is-layout-flex\">\n<div class=\"wp-block-column is-layout-flow wp-block-column-is-layout-flow\" style=\"flex-basis:33.33%\">\n<figure class=\"wp-block-image size-large\"><img loading=\"lazy\" decoding=\"async\" width=\"1024\" height=\"683\" src=\"https:\/\/cdl-aragon.es\/congresosecah\/wp-content\/uploads\/2021\/09\/fPBudAgQ-1024x683.jpeg\" alt=\"\" class=\"wp-image-398\" srcset=\"https:\/\/cdl-aragon.es\/congresosecah\/wp-content\/uploads\/2021\/09\/fPBudAgQ-1024x683.jpeg 1024w, https:\/\/cdl-aragon.es\/congresosecah\/wp-content\/uploads\/2021\/09\/fPBudAgQ-300x200.jpeg 300w, https:\/\/cdl-aragon.es\/congresosecah\/wp-content\/uploads\/2021\/09\/fPBudAgQ-768x512.jpeg 768w, https:\/\/cdl-aragon.es\/congresosecah\/wp-content\/uploads\/2021\/09\/fPBudAgQ.jpeg 1500w\" sizes=\"auto, (max-width: 1024px) 100vw, 1024px\" \/><\/figure>\n<\/div>\n\n\n\n<div class=\"wp-block-column is-layout-flow wp-block-column-is-layout-flow\" style=\"flex-basis:75%\">\n<p class=\"has-black-color has-text-color\">En opini\u00f3n de sus colegas amigos, <strong>Miguel Beltr\u00e1n<\/strong> (Cartagena1947) <strong>\u201ces un  muse\u00f3logo, arque\u00f3logo, investigador y formador vocacional, laborioso y sistem\u00e1tico hasta el extremo, buen comunicador y persona comprometida con su sociedad y su tiempo\u201d<\/strong>. Adem\u00e1s, independientemente de su pertenencia a sociedades sabias y cient\u00edficas, ha sido director de los Museos de C\u00e1ceres (1971-1974) y Zaragoza (1974-2014), profesor Adjunto interino de Arqueolog\u00eda, Numism\u00e1tica y Epigraf\u00eda (1969-1972), y docente en el curso de postgrado y master de Museos de la Universidad de Zaragoza (1989-2013). Ha dirigido excavaciones arqueol\u00f3gicas especialmente en <em>Azaila<\/em>, <em>Caesaraugusta<\/em>, <em>Turiaso<\/em> y la <em>Colonia Celsa<\/em>, en donde todav\u00eda continua. <\/p>\n\n\n\n<p class=\"has-black-color has-text-color\">Debut\u00f3 en la cer\u00e1mica romana con su primer art\u00edculo en el a\u00f1o 1965 sobre un \u201c\u00e1nfora romana de las Alhambras\u201d, germen de  su posterior tesis de licenciatura <em>Las \u00e1nforas romanas en Espa\u00f1a<\/em>. Ha dedicado a las cer\u00e1micas romanas dos manuales generales: <em>Cer\u00e1mica romana. Tipolog\u00eda y clasificaci\u00f3n<\/em>, Zaragoza, 1978 y&nbsp;<em>Gu\u00eda de la cer\u00e1mica&nbsp;romana<\/em>, Libros P\u00f3rtico, Zaragoza,1991.De su mas de medio millar de publicaciones (iberismo, antig\u00fcedad cl\u00e1sica, museolog\u00eda y museograf\u00eda),&nbsp;un centenar se dedica&nbsp;espec\u00edficamente a la cer\u00e1mica romana.<\/p>\n<\/div>\n<\/div>\n\n\n\n<hr class=\"wp-block-separator has-text-color has-background has-pale-cyan-blue-background-color has-pale-cyan-blue-color is-style-wide\"\/>\n\n\n\n<h3 class=\"has-pale-cyan-blue-color has-text-color wp-block-heading\"><strong>Hitos cer\u00e1micos del valle del Ebro en \u00e9poca romana<\/strong><\/h3>\n\n\n\n<p class=\"has-normal-font-size\">Se abordan algunos de los aspectos m\u00e1s llamativos de la cer\u00e1mica romana, que afectan al valle&nbsp;del Ebro durante los tiempos tardorrepublicanos y altoimperiales, analizando los distintos procesos de&nbsp;recepci\u00f3n de las primeras especies cer\u00e1micas de importaci\u00f3n, como la cer\u00e1mica de barniz negro it\u00e1lica,&nbsp;las \u00e1nforas brindisinas o las sigillatas it\u00e1licas y g\u00e1licas, hasta las creaciones hispanorromanas que surgen&nbsp;al amparo de los est\u00edmulos recibidos, y que tienen su principal actor, al inicio de la dinast\u00eda flavia, en la&nbsp;<em>terra sigillata<\/em> hisp\u00e1nica.<\/p>\n\n\n\n<p class=\"has-normal-font-size\">Son yacimientos clave durante los tiempos tardorrepublicanos, el Cabezo de Alcal\u00e1 de Azaila&nbsp;(Teruel) y la Caba\u00f1eta de El Burgo de Ebro (Zaragoza) que muestran los distintos modelos de recepci\u00f3n&nbsp;de las cer\u00e1micas de barniz negro A napolitana y las producciones de la B calenas para la etapa sertoriana.<\/p>\n\n\n\n<p class=\"has-normal-font-size\">Se analiza con detalle la especial demanda del aceite brindisino en el valle del Ebro, la d\u00e9bil&nbsp;pero significativa presencia del aceite africano, las salazones gadiritas y&nbsp;el vino egeo, as\u00ed comola enorme&nbsp;importancia en el mercado del Ebro de la&nbsp;<em>tsi<\/em> aretina, el reparto de mercados entre los productos de la&nbsp;tsg&nbsp;de Montans, la Graufesenque y Aquitania, as\u00ed como las respuestas interiores que ofrecen las cer\u00e1micas&nbsp;engobadas, de paredes finas y cocina. Se presta especial atenci\u00f3n a la emergencia de la&nbsp;<em>tsh<\/em> y sus&nbsp;modalidades a partir del inicio flavio, as\u00ed como al comercio de las salazones b\u00e9ticas y tarraconenses y&nbsp;las primeras producciones de vino en el valle del Ebro junto a la ausencia del aceite&nbsp;b\u00e9tico.Se observa&nbsp;la intensidad y grados de penetraci\u00f3n de los distintos modelos cer\u00e1micos a partir de los yacimientos&nbsp;clave de&nbsp;<em>Ilerda<\/em>,&nbsp;<em>Celsa<\/em>,&nbsp;<em>Caesaraugusta<\/em>,&nbsp;<em>Calagurris <\/em>o&nbsp;<em>Iuliobriga<\/em>, entre otros.&nbsp;<\/p>\n\n\n\n<div class=\"wp-block-image is-style-default\"><figure class=\"aligncenter size-full is-resized\"><img loading=\"lazy\" decoding=\"async\" src=\"https:\/\/cdl-aragon.es\/congresosecah\/wp-content\/uploads\/2021\/09\/1.-Atrian-et-alii-1989.68.jpg\" alt=\"\" class=\"wp-image-401\" width=\"466\" height=\"512\" srcset=\"https:\/\/cdl-aragon.es\/congresosecah\/wp-content\/uploads\/2021\/09\/1.-Atrian-et-alii-1989.68.jpg 931w, https:\/\/cdl-aragon.es\/congresosecah\/wp-content\/uploads\/2021\/09\/1.-Atrian-et-alii-1989.68-273x300.jpg 273w, https:\/\/cdl-aragon.es\/congresosecah\/wp-content\/uploads\/2021\/09\/1.-Atrian-et-alii-1989.68-768x845.jpg 768w\" sizes=\"auto, (max-width: 466px) 100vw, 466px\" \/><figcaption>Imitaci\u00f3n de morteros campanos en el valle del Ebro:&nbsp; Asociaci\u00f3n de un productor it\u00e1lico (<em>dominus<\/em> +&nbsp; esclavo <em>officinator<\/em>) e ib\u00e9rico,&nbsp; seg\u00fan&nbsp; ejemplar de la Caridad de Caminreal (Teruel), con el texto latino <em>Fl(accus ?).&nbsp; Atili\/&nbsp; L(uci). S(eruus)<\/em>, junto al ib\u00e9rico (en lectura retr\u00f3gada): &nbsp; <em>bilake ai[u]natin\/en abiner.&nbsp;<\/em> Museo de Teruel. 2,6 x 7,9 cm. IG. 9731.&nbsp;<br><br><br>Fotograf\u00eda de: Atri\u00e1n, P., <em>et alii<\/em>,&nbsp; \u201cArqueolog\u00eda. Edad Media. Cultura visigoda\u201d, <em>Museo de Teruel<\/em>, Teruel.&nbsp;<\/figcaption><\/figure><\/div>\n\n\n\n<figure class=\"wp-block-image\"><img decoding=\"async\" src=\"https:\/\/cfl.dropboxstatic.com\/static\/images\/icons\/icon_spacer-vflN3BYt2.gif\" alt=\"Imprimir\"\/><\/figure>\n","protected":false},"excerpt":{"rendered":"<p>Hitos cer\u00e1micos del valle del Ebro en \u00e9poca romana Por Miguel Beltr\u00e1n Lloris Miguel Beltr\u00e1n Lloris En opini\u00f3n de sus colegas amigos, Miguel Beltr\u00e1n (Cartagena1947) \u201ces un muse\u00f3logo, arque\u00f3logo, investigador &#8230;<\/p>\n","protected":false},"author":1,"featured_media":0,"parent":0,"menu_order":0,"comment_status":"closed","ping_status":"closed","template":"","meta":{"footnotes":""},"class_list":["post-55","page","type-page","status-publish","hentry"],"_links":{"self":[{"href":"https:\/\/cdl-aragon.es\/congresosecah\/index.php\/wp-json\/wp\/v2\/pages\/55","targetHints":{"allow":["GET"]}}],"collection":[{"href":"https:\/\/cdl-aragon.es\/congresosecah\/index.php\/wp-json\/wp\/v2\/pages"}],"about":[{"href":"https:\/\/cdl-aragon.es\/congresosecah\/index.php\/wp-json\/wp\/v2\/types\/page"}],"author":[{"embeddable":true,"href":"https:\/\/cdl-aragon.es\/congresosecah\/index.php\/wp-json\/wp\/v2\/users\/1"}],"replies":[{"embeddable":true,"href":"https:\/\/cdl-aragon.es\/congresosecah\/index.php\/wp-json\/wp\/v2\/comments?post=55"}],"version-history":[{"count":17,"href":"https:\/\/cdl-aragon.es\/congresosecah\/index.php\/wp-json\/wp\/v2\/pages\/55\/revisions"}],"predecessor-version":[{"id":536,"href":"https:\/\/cdl-aragon.es\/congresosecah\/index.php\/wp-json\/wp\/v2\/pages\/55\/revisions\/536"}],"wp:attachment":[{"href":"https:\/\/cdl-aragon.es\/congresosecah\/index.php\/wp-json\/wp\/v2\/media?parent=55"}],"curies":[{"name":"wp","href":"https:\/\/api.w.org\/{rel}","templated":true}]}}

Río Ebro

<h2 class="has-vivid-cyan-blue-color has-text-color wp-block-heading">Hitos cerámicos del valle del Ebro en época romana</h2>



<h4 class="wp-block-heading">Por Miguel Beltrán Lloris</h4>



<div class="wp-block-columns is-layout-flex wp-container-core-columns-is-layout-9d6595d7 wp-block-columns-is-layout-flex">
<div class="wp-block-column is-vertically-aligned-center is-layout-flow wp-block-column-is-layout-flow">
<hr class="wp-block-separator has-text-color has-background has-pale-cyan-blue-background-color has-pale-cyan-blue-color is-style-wide"/>
</div>



<div class="wp-block-column is-vertically-aligned-center is-layout-flow wp-block-column-is-layout-flow">
<p class="has-black-color has-text-color has-large-font-size"><strong>Miguel Beltrán Lloris</strong></p>
</div>
</div>



<div class="wp-block-columns is-layout-flex wp-container-core-columns-is-layout-9d6595d7 wp-block-columns-is-layout-flex">
<div class="wp-block-column is-layout-flow wp-block-column-is-layout-flow" style="flex-basis:33.33%">
<figure class="wp-block-image size-large"><img loading="lazy" decoding="async" width="1024" height="683" src="https://cdl-aragon.es/congresosecah/wp-content/uploads/2021/09/fPBudAgQ-1024x683.jpeg" alt="" class="wp-image-398" srcset="https://cdl-aragon.es/congresosecah/wp-content/uploads/2021/09/fPBudAgQ-1024x683.jpeg 1024w, https://cdl-aragon.es/congresosecah/wp-content/uploads/2021/09/fPBudAgQ-300x200.jpeg 300w, https://cdl-aragon.es/congresosecah/wp-content/uploads/2021/09/fPBudAgQ-768x512.jpeg 768w, https://cdl-aragon.es/congresosecah/wp-content/uploads/2021/09/fPBudAgQ.jpeg 1500w" sizes="auto, (max-width: 1024px) 100vw, 1024px" /></figure>
</div>



<div class="wp-block-column is-layout-flow wp-block-column-is-layout-flow" style="flex-basis:75%">
<p class="has-black-color has-text-color">En opinión de sus colegas amigos, <strong>Miguel Beltrán</strong> (Cartagena1947) <strong>“es un  museólogo, arqueólogo, investigador y formador vocacional, laborioso y sistemático hasta el extremo, buen comunicador y persona comprometida con su sociedad y su tiempo”</strong>. Además, independientemente de su pertenencia a sociedades sabias y científicas, ha sido director de los Museos de Cáceres (1971-1974) y Zaragoza (1974-2014), profesor Adjunto interino de Arqueología, Numismática y Epigrafía (1969-1972), y docente en el curso de postgrado y master de Museos de la Universidad de Zaragoza (1989-2013). Ha dirigido excavaciones arqueológicas especialmente en <em>Azaila</em>, <em>Caesaraugusta</em>, <em>Turiaso</em> y la <em>Colonia Celsa</em>, en donde todavía continua. </p>



<p class="has-black-color has-text-color">Debutó en la cerámica romana con su primer artículo en el año 1965 sobre un “ánfora romana de las Alhambras”, germen de  su posterior tesis de licenciatura <em>Las ánforas romanas en España</em>. Ha dedicado a las cerámicas romanas dos manuales generales: <em>Cerámica romana. Tipología y clasificación</em>, Zaragoza, 1978 y&nbsp;<em>Guía de la cerámica&nbsp;romana</em>, Libros Pórtico, Zaragoza,1991.De su mas de medio millar de publicaciones (iberismo, antigüedad clásica, museología y museografía),&nbsp;un centenar se dedica&nbsp;específicamente a la cerámica romana.</p>
</div>
</div>



<hr class="wp-block-separator has-text-color has-background has-pale-cyan-blue-background-color has-pale-cyan-blue-color is-style-wide"/>



<h3 class="has-pale-cyan-blue-color has-text-color wp-block-heading"><strong>Hitos cerámicos del valle del Ebro en época romana</strong></h3>



<p class="has-normal-font-size">Se abordan algunos de los aspectos más llamativos de la cerámica romana, que afectan al valle&nbsp;del Ebro durante los tiempos tardorrepublicanos y altoimperiales, analizando los distintos procesos de&nbsp;recepción de las primeras especies cerámicas de importación, como la cerámica de barniz negro itálica,&nbsp;las ánforas brindisinas o las sigillatas itálicas y gálicas, hasta las creaciones hispanorromanas que surgen&nbsp;al amparo de los estímulos recibidos, y que tienen su principal actor, al inicio de la dinastía flavia, en la&nbsp;<em>terra sigillata</em> hispánica.</p>



<p class="has-normal-font-size">Son yacimientos clave durante los tiempos tardorrepublicanos, el Cabezo de Alcalá de Azaila&nbsp;(Teruel) y la Cabañeta de El Burgo de Ebro (Zaragoza) que muestran los distintos modelos de recepción&nbsp;de las cerámicas de barniz negro A napolitana y las producciones de la B calenas para la etapa sertoriana.</p>



<p class="has-normal-font-size">Se analiza con detalle la especial demanda del aceite brindisino en el valle del Ebro, la débil&nbsp;pero significativa presencia del aceite africano, las salazones gadiritas y&nbsp;el vino egeo, así comola enorme&nbsp;importancia en el mercado del Ebro de la&nbsp;<em>tsi</em> aretina, el reparto de mercados entre los productos de la&nbsp;tsg&nbsp;de Montans, la Graufesenque y Aquitania, así como las respuestas interiores que ofrecen las cerámicas&nbsp;engobadas, de paredes finas y cocina. Se presta especial atención a la emergencia de la&nbsp;<em>tsh</em> y sus&nbsp;modalidades a partir del inicio flavio, así como al comercio de las salazones béticas y tarraconenses y&nbsp;las primeras producciones de vino en el valle del Ebro junto a la ausencia del aceite&nbsp;bético.Se observa&nbsp;la intensidad y grados de penetración de los distintos modelos cerámicos a partir de los yacimientos&nbsp;clave de&nbsp;<em>Ilerda</em>,&nbsp;<em>Celsa</em>,&nbsp;<em>Caesaraugusta</em>,&nbsp;<em>Calagurris </em>o&nbsp;<em>Iuliobriga</em>, entre otros.&nbsp;</p>



<div class="wp-block-image is-style-default"><figure class="aligncenter size-full is-resized"><img loading="lazy" decoding="async" src="https://cdl-aragon.es/congresosecah/wp-content/uploads/2021/09/1.-Atrian-et-alii-1989.68.jpg" alt="" class="wp-image-401" width="466" height="512" srcset="https://cdl-aragon.es/congresosecah/wp-content/uploads/2021/09/1.-Atrian-et-alii-1989.68.jpg 931w, https://cdl-aragon.es/congresosecah/wp-content/uploads/2021/09/1.-Atrian-et-alii-1989.68-273x300.jpg 273w, https://cdl-aragon.es/congresosecah/wp-content/uploads/2021/09/1.-Atrian-et-alii-1989.68-768x845.jpg 768w" sizes="auto, (max-width: 466px) 100vw, 466px" /><figcaption>Imitación de morteros campanos en el valle del Ebro:&nbsp; Asociación de un productor itálico (<em>dominus</em> +&nbsp; esclavo <em>officinator</em>) e ibérico,&nbsp; según&nbsp; ejemplar de la Caridad de Caminreal (Teruel), con el texto latino <em>Fl(accus ?).&nbsp; Atili/&nbsp; L(uci). S(eruus)</em>, junto al ibérico (en lectura retrógada): &nbsp; <em>bilake ai[u]natin/en abiner.&nbsp;</em> Museo de Teruel. 2,6 x 7,9 cm. IG. 9731.&nbsp;<br><br><br>Fotografía de: Atrián, P., <em>et alii</em>,&nbsp; “Arqueología. Edad Media. Cultura visigoda”, <em>Museo de Teruel</em>, Teruel.&nbsp;</figcaption></figure></div>



<figure class="wp-block-image"><img decoding="async" src="https://cfl.dropboxstatic.com/static/images/icons/icon_spacer-vflN3BYt2.gif" alt="Imprimir"/></figure>

<p>Hitos cerámicos del valle del Ebro en época romana Por Miguel Beltrán Lloris Miguel Beltrán Lloris En opinión de sus colegas amigos, Miguel Beltrán (Cartagena1947) “es un museólogo, arqueólogo, investigador &#8230;</p>
