{"id":491,"date":"2021-09-15T15:17:31","date_gmt":"2021-09-15T15:17:31","guid":{"rendered":"https:\/\/cdl-aragon.es\/congresosecah\/?page_id=491"},"modified":"2021-09-15T15:27:43","modified_gmt":"2021-09-15T15:27:43","slug":"comite-asesor","status":"publish","type":"page","link":"https:\/\/cdl-aragon.es\/congresosecah\/index.php\/comite-asesor\/","title":{"rendered":"Comit\u00e9 Asesor"},"content":{"rendered":"\n<h1 class=\"alignwide has-text-align-center has-white-color has-vivid-cyan-blue-background-color has-text-color has-background wp-block-heading\"><strong>Comit\u00e9 Asesor<\/strong><\/h1>\n\n\n\n<p><\/p>\n\n\n\n<p class=\"has-text-align-center\">Carmen Aguarod Otal&nbsp;<\/p>\n\n\n\n<p class=\"has-text-align-center\">Dar\u00edo Bernal Casasola&nbsp;<\/p>\n\n\n\n<p class=\"has-text-align-center\">Macarena Bustamante \u00c1lvarez<\/p>\n\n\n\n<p class=\"has-text-align-center\">Jaume Coll Conesa<\/p>\n\n\n\n<p class=\"has-text-align-center\">Jose Carlos da Costa Quaresma<\/p>\n\n\n\n<p class=\"has-text-align-center\">M\u00aa Isabel Fern\u00e1ndez Garc\u00eda<\/p>\n\n\n\n<p class=\"has-text-align-center\">Carmelo Fern\u00e1ndez Ib\u00e1\u00f1ez<\/p>\n\n\n\n<p class=\"has-text-align-center\">Carmen Fern\u00e1ndez Ochoa<\/p>\n\n\n\n<p class=\"has-text-align-center\">\u00c1ngel Fuentes Dom\u00ednguez<\/p>\n\n\n\n<p class=\"has-text-align-center\">Carlos Jorge Gon\u00e7alves Soares Fabi\u00e3o<\/p>\n\n\n\n<p class=\"has-text-align-center\">C\u00e9sar Heras Mart\u00ednez<\/p>\n\n\n\n<p class=\"has-text-align-center\">Ram\u00f3n J\u00e1rrega Dom\u00ednguez<\/p>\n\n\n\n<p class=\"has-text-align-center\">Luis Carlos Juan Tovar<\/p>\n\n\n\n<p class=\"has-text-align-center\">Rui Manuel Lopes de Sousa Morais&nbsp;<\/p>\n\n\n\n<p class=\"has-text-align-center\">Ana Mart\u00ednez Salcedo&nbsp;<\/p>\n\n\n\n<p class=\"has-text-align-center\">\u00c1ngel Morillo Cerd\u00e1n<\/p>\n\n\n\n<p class=\"has-text-align-center\">Albert Ribera i Lacomba<\/p>\n\n\n\n<p class=\"has-text-align-center\">Alfonso Vigil-Escalera Guirado&nbsp;<\/p>\n\n\n\n<p class=\"has-text-align-center\">M\u00aa del Mar Zarzalejos Prieto&nbsp;<\/p>\n","protected":false},"excerpt":{"rendered":"<p>Comit\u00e9 Asesor Carmen Aguarod Otal&nbsp; Dar\u00edo Bernal Casasola&nbsp; Macarena Bustamante \u00c1lvarez Jaume Coll Conesa Jose Carlos da Costa Quaresma M\u00aa Isabel Fern\u00e1ndez Garc\u00eda Carmelo Fern\u00e1ndez Ib\u00e1\u00f1ez Carmen Fern\u00e1ndez Ochoa \u00c1ngel &#8230;<\/p>\n","protected":false},"author":1,"featured_media":0,"parent":0,"menu_order":0,"comment_status":"closed","ping_status":"closed","template":"","meta":{"footnotes":""},"class_list":["post-491","page","type-page","status-publish","hentry"],"_links":{"self":[{"href":"https:\/\/cdl-aragon.es\/congresosecah\/index.php\/wp-json\/wp\/v2\/pages\/491","targetHints":{"allow":["GET"]}}],"collection":[{"href":"https:\/\/cdl-aragon.es\/congresosecah\/index.php\/wp-json\/wp\/v2\/pages"}],"about":[{"href":"https:\/\/cdl-aragon.es\/congresosecah\/index.php\/wp-json\/wp\/v2\/types\/page"}],"author":[{"embeddable":true,"href":"https:\/\/cdl-aragon.es\/congresosecah\/index.php\/wp-json\/wp\/v2\/users\/1"}],"replies":[{"embeddable":true,"href":"https:\/\/cdl-aragon.es\/congresosecah\/index.php\/wp-json\/wp\/v2\/comments?post=491"}],"version-history":[{"count":4,"href":"https:\/\/cdl-aragon.es\/congresosecah\/index.php\/wp-json\/wp\/v2\/pages\/491\/revisions"}],"predecessor-version":[{"id":497,"href":"https:\/\/cdl-aragon.es\/congresosecah\/index.php\/wp-json\/wp\/v2\/pages\/491\/revisions\/497"}],"wp:attachment":[{"href":"https:\/\/cdl-aragon.es\/congresosecah\/index.php\/wp-json\/wp\/v2\/media?parent=491"}],"curies":[{"name":"wp","href":"https:\/\/api.w.org\/{rel}","templated":true}]}}