{"id":46,"date":"2021-06-03T08:43:07","date_gmt":"2021-06-03T08:43:07","guid":{"rendered":"https:\/\/cdl-aragon.es\/congresosecah\/?page_id=46"},"modified":"2021-09-09T08:22:12","modified_gmt":"2021-09-09T08:22:12","slug":"normativa-de-participacion","status":"publish","type":"page","link":"https:\/\/cdl-aragon.es\/congresosecah\/index.php\/normativa-de-participacion\/","title":{"rendered":"Normativa"},"content":{"rendered":"\n<p>Las propuestas de comunicaciones y p\u00f3steres deber\u00e1n remitirse antes del <strong>15 de octubre de 2021<\/strong> mediante el bolet\u00edn de inscripci\u00f3n que se encuentra en:\u00a0<a href=\"https:\/\/cdl-aragon.es\/congresosecah\/wp-content\/uploads\/2021\/06\/BOLETINSECAH.pdf\" data-type=\"URL\" data-id=\"https:\/\/cdl-aragon.es\/congresosecah\/wp-content\/uploads\/2021\/06\/BOLETINSECAH.pdf\">BOLETINSECAH<\/a>\u00a0en el que se deber\u00e1 indicar el t\u00edtulo, autor\/es y filiaci\u00f3n de los mismo, cuota, etc., y un resumen de entre 500 y 1000 palabras.<\/p>\n\n\n\n<p>Con el objeto de dar cabida al mayor n\u00famero de participantes posibles, solo se admitir\u00e1 una comunicaci\u00f3n, o un p\u00f3ster de car\u00e1cter individual por inscripci\u00f3n, sobreentendi\u00e9ndose que se podr\u00e1 formar parte de otras comunicaciones y p\u00f3steres como coautor.  Para que se acepte la comunicaci\u00f3n y el p\u00f3ster deber\u00e1n estar inscritos todos sus autores en el congreso.<\/p>\n\n\n\n<p>Los p\u00f3steres deber\u00e1n adaptarse al tama\u00f1o x-banner (59,4 X 84,1 cm) en el que se deber\u00e1n incluir los logos de la SECAH y del VI Congreso que ser\u00e1 facilitados por la secretar\u00eda del congreso al igual que la plantilla para su dise\u00f1o.<\/p>\n\n\n\n<p><strong>P\u00f3ster presencial<\/strong>: El p\u00f3ster ser\u00e1 impreso por la organizaci\u00f3n para unificar criterios de presentaci\u00f3n en formato x-banner. Por ello si selecciona este formato como presentaci\u00f3n de su comunicaci\u00f3n, ser\u00e1 necesario abonar a la&nbsp;organizaci\u00f3n 30\u20ac&nbsp;por coste de edici\u00f3n y soporte. El \u00faltimo d\u00eda del Congreso, deber\u00e1 ser retirado por cada responsable del p\u00f3ster.<\/p>\n\n\n\n<p>&#8211; Tama\u00f1o de imagen: 68&#215;135 cms.<\/p>\n\n\n\n<p>&#8211; Orientaci\u00f3n: vertical.<\/p>\n\n\n\n<p>&#8211; Fuente: Times New Roman. T\u00edtulo: 48p; Autor\/Instituci\u00f3n: 36p.; Texto: no menor de 24p.<\/p>\n\n\n\n<p>En la parte superior central del p\u00f3ster deber\u00e1 aparecer la siguiente informaci\u00f3n: t\u00edtulo, autor e instituci\u00f3n\/empresa.<\/p>\n\n\n\n<p>El p\u00f3ster ser\u00e1 enviado en formato JPG, teniendo en cuenta que la resoluci\u00f3n del archivo ser\u00e1 a 100ppp y a tama\u00f1o real [Escala 1:1]. Perfiles de colores: RGB: [Adobe RGB] y CMYK: [Coated FOGRA39].<\/p>\n\n\n\n<p><strong>P\u00f3ster online:&nbsp;<\/strong>Se subir\u00e1 a la p\u00e1gina web del Congreso y se expondr\u00e1n directamente mediante videoconferencia en la \u00faltima sesi\u00f3n del Congreso, abri\u00e9ndose un chat para las preguntas y el debate. En esta modalidad no hay un coste a\u00f1adido, solo se deber\u00e1 estar inscrito en el Congreso.<\/p>\n\n\n\n<p><strong>El Comit\u00e9 Cient\u00edfico del Congreso proceder\u00e1 a la selecci\u00f3n de las propuestas y comunicar\u00e1 su aceptaci\u00f3n antes del 29 de octubre mediante correo electr\u00f3nico y publicaci\u00f3n en la p\u00e1gina web del Congreso<\/strong>:\u00a0<a href=\"http:\/\/www.cdl.aragon.es\/congresosecah\" data-type=\"URL\" data-id=\"www.cdl.aragon.es\/congresosecah\">www.cdl-aragon.es\/congresosecah<\/a><\/p>\n\n\n\n<p>Los idiomas oficiales del Congreso son el espa\u00f1ol y el portugu\u00e9s, si bien se aceptar\u00e1n intervenciones en cualquier otra lengua de difusi\u00f3n internacional.<\/p>\n\n\n\n<p><strong>Publicaci\u00f3n de las ponencias, comunicaciones y p\u00f3steres<\/strong><\/p>\n\n\n\n<p>La publicaci\u00f3n de las comunicaciones y p\u00f3steres est\u00e1 condicionada a su defensa en la secci\u00f3n correspondiente. El texto para su publicaci\u00f3n deber\u00e1 enviarse a la Secretar\u00eda del Congreso (<a href=\"mailto:congresosecah@cdl-aragon.es\">congresosecah@cdl-aragon.es<\/a>) antes del <strong>17 de octubre de 2022<\/strong>, debiendo ajustarse a las normas establecidas por la SECAH para sus publicaciones:<\/p>\n\n\n\n<p><a href=\"https:\/\/www.exofficinahispana.org\/wp-content\/uploads\/2018\/10\/norma_publicacion.pdf\">https:\/\/www.exofficinahispana.org\/wp-content\/uploads\/2018\/10\/norma_publicacion.pdf<\/a><\/p>\n\n\n\n<p><\/p>\n\n\n\n<figure class=\"wp-block-table\"><table><tbody><tr><td><br><\/td><td>Extensi\u00f3n m\u00e1xima de p\u00e1ginas (sin incluir ilustraciones)<\/td><td>N.\u00ba de im\u00e1genes m\u00e1ximas &nbsp;(planos, dibujos y fotograf\u00edas)<\/td><\/tr><tr><td>PONENCIA<\/td><td>25<\/td><td>15<\/td><\/tr><tr><td>COMUNICACI\u00d3N<\/td><td>15<\/td><td>10<\/td><\/tr><tr><td>P\u00d3STER<\/td><td>10<\/td><td>5<\/td><\/tr><\/tbody><\/table><\/figure>\n\n\n\n<p><\/p>\n","protected":false},"excerpt":{"rendered":"<p>Comunicaciones y plazos<\/p>\n","protected":false},"author":1,"featured_media":0,"parent":0,"menu_order":0,"comment_status":"closed","ping_status":"closed","template":"","meta":{"footnotes":""},"class_list":["post-46","page","type-page","status-publish","hentry"],"_links":{"self":[{"href":"https:\/\/cdl-aragon.es\/congresosecah\/index.php\/wp-json\/wp\/v2\/pages\/46","targetHints":{"allow":["GET"]}}],"collection":[{"href":"https:\/\/cdl-aragon.es\/congresosecah\/index.php\/wp-json\/wp\/v2\/pages"}],"about":[{"href":"https:\/\/cdl-aragon.es\/congresosecah\/index.php\/wp-json\/wp\/v2\/types\/page"}],"author":[{"embeddable":true,"href":"https:\/\/cdl-aragon.es\/congresosecah\/index.php\/wp-json\/wp\/v2\/users\/1"}],"replies":[{"embeddable":true,"href":"https:\/\/cdl-aragon.es\/congresosecah\/index.php\/wp-json\/wp\/v2\/comments?post=46"}],"version-history":[{"count":11,"href":"https:\/\/cdl-aragon.es\/congresosecah\/index.php\/wp-json\/wp\/v2\/pages\/46\/revisions"}],"predecessor-version":[{"id":413,"href":"https:\/\/cdl-aragon.es\/congresosecah\/index.php\/wp-json\/wp\/v2\/pages\/46\/revisions\/413"}],"wp:attachment":[{"href":"https:\/\/cdl-aragon.es\/congresosecah\/index.php\/wp-json\/wp\/v2\/media?parent=46"}],"curies":[{"name":"wp","href":"https:\/\/api.w.org\/{rel}","templated":true}]}}