{"id":242,"date":"2021-06-23T16:13:18","date_gmt":"2021-06-23T16:13:18","guid":{"rendered":"https:\/\/cdl-aragon.es\/congresosecah\/?page_id=242"},"modified":"2021-09-15T16:28:40","modified_gmt":"2021-09-15T16:28:40","slug":"varia","status":"publish","type":"page","link":"https:\/\/cdl-aragon.es\/congresosecah\/index.php\/varia\/","title":{"rendered":"Varia"},"content":{"rendered":"\n<h2 class=\"has-vivid-cyan-blue-color has-text-color wp-block-heading\"><strong>Comercio cer\u00e1mico y v\u00edas fluviales en las \u00e1reas meridionales de Francia<\/strong><\/h2>\n\n\n\n<h3 class=\"wp-block-heading\">Por Corinne S\u00e1nchez<\/h3>\n\n\n\n<div class=\"wp-block-columns is-layout-flex wp-container-core-columns-is-layout-9d6595d7 wp-block-columns-is-layout-flex\">\n<div class=\"wp-block-column is-vertically-aligned-center is-layout-flow wp-block-column-is-layout-flow\">\n<hr class=\"wp-block-separator has-text-color has-background has-pale-cyan-blue-background-color has-pale-cyan-blue-color is-style-wide\"\/>\n<\/div>\n\n\n\n<div class=\"wp-block-column is-vertically-aligned-center is-layout-flow wp-block-column-is-layout-flow\">\n<p class=\"has-text-align-right has-black-color has-text-color has-large-font-size\"><strong>Corinne S\u00e1nchez<\/strong><\/p>\n<\/div>\n<\/div>\n\n\n\n<div class=\"wp-block-columns is-layout-flex wp-container-core-columns-is-layout-9d6595d7 wp-block-columns-is-layout-flex\">\n<div class=\"wp-block-column is-layout-flow wp-block-column-is-layout-flow\" style=\"flex-basis:75%\">\n<p class=\"has-black-color has-text-color\">Investigadora en el CNRS de Montpellier (Francia). Su tesis sobre Narbona y su regi\u00f3n se public\u00f3 en 2009 con el t\u00edtulo_Narbona en la \u00e9poca tardorepublicana (siglos II y I a.C.): cronolog\u00edas, comercio y artesan\u00eda cer\u00e1mica_. Como miembro del equipode investigaci\u00f3n de la ciudad portuaria de _Lattara_ (Lattes),particip\u00f3 en una serie de publicaciones sobre este sitio, as\u00ed como enel _Corpus de cer\u00e1mica de la Edad de Hierro de_ Lattara (Py, Adroher,Sanchez 2001). Tras un posdoctorado en Burdeos sobre las relacionesecon\u00f3micas entre el Mediterr\u00e1neo y el Atl\u00e1ntico, se incorpor\u00f3 alLaboratorio de Arqueolog\u00eda de las Sociedades Mediterr\u00e1neas deMontpellier, donde dirigi\u00f3 el equipo de \u00abT\u00e9cnicas, Producci\u00f3n,Consumo y Comercio\u00bb. Desde 2010, coordina el proyecto de investigaci\u00f3n colectiva y varias excavaciones en los puertos romanos de Narbona. En2021 defendi\u00f3 una tesis de habilitaci\u00f3n para dirigir la investigaci\u00f3nsobre el tema _Entre el Mediterr\u00e1neo y el Atl\u00e1ntico. Din\u00e1mica de losintercambios y de las redes econ\u00f3micas, la aportaci\u00f3n de lainvestigaci\u00f3n sobre las \u00e1nforas tarraconenses_.<\/p>\n<\/div>\n\n\n\n<div class=\"wp-block-column is-layout-flow wp-block-column-is-layout-flow\" style=\"flex-basis:33.33%\">\n<figure class=\"wp-block-image size-full\"><img loading=\"lazy\" decoding=\"async\" width=\"355\" height=\"341\" src=\"https:\/\/cdl-aragon.es\/congresosecah\/wp-content\/uploads\/2021\/09\/corinne.jpg\" alt=\"\" class=\"wp-image-528\" srcset=\"https:\/\/cdl-aragon.es\/congresosecah\/wp-content\/uploads\/2021\/09\/corinne.jpg 355w, https:\/\/cdl-aragon.es\/congresosecah\/wp-content\/uploads\/2021\/09\/corinne-300x288.jpg 300w\" sizes=\"auto, (max-width: 355px) 100vw, 355px\" \/><\/figure>\n<\/div>\n<\/div>\n\n\n\n<hr class=\"wp-block-separator has-text-color has-background has-pale-cyan-blue-background-color has-pale-cyan-blue-color is-style-wide\"\/>\n\n\n\n<h3 class=\"has-pale-cyan-blue-color has-text-color wp-block-heading\"><strong>Comercio cer\u00e1mico y v\u00edas fluviales en las \u00e1reas meridionales de Francia<\/strong><\/h3>\n\n\n\n<p class=\"has-normal-font-size\">En su Geograf\u00eda, el ge\u00f3grafo Estrab\u00f3n insiste en el papel de los r\u00edos en Galia para la circulaci\u00f3n de mercanc\u00edas: \u00ablos r\u00edos est\u00e1n tan felizmente distribuidos entre s\u00ed que aseguran el transporte en ambas direcciones de un mar a otro\u00bb. Estas v\u00edas fluviales proporcionaban por tanto un enlace entre el Mediterr\u00e1neo y elAtl\u00e1ntico a trav\u00e9s de Galia. Las rutas se pueden ver en relaci\u00f3n con los grandes ejes (Rodano, Garona), sobre todo a partir de la distribuci\u00f3n de \u00e1nforas, pero tambi\u00e9n a escala de un comercio m\u00e1s regional que los afluentes tambi\u00e9n desempe\u00f1an un papel importante.Utilizando el ejemplo del eje Aude-Garona, al otro lado de los Pirineos,se discutir\u00e1 el papel de estas v\u00edas fluviales en el comercio,r elacionado con las principales categor\u00edas cer\u00e1micas y su distribuci\u00f3n. La difusi\u00f3n de los productos mediterr\u00e1neos y locales permite identificar las l\u00f3gicas de distribuci\u00f3n y su evoluci\u00f3n.<\/p>\n","protected":false},"excerpt":{"rendered":"<p>Comercio cer\u00e1mico y v\u00edas fluviales en las \u00e1reas meridionales de Francia Por Corinne S\u00e1nchez Corinne S\u00e1nchez Investigadora en el CNRS de Montpellier (Francia). Su tesis sobre Narbona y su regi\u00f3n &#8230;<\/p>\n","protected":false},"author":1,"featured_media":0,"parent":0,"menu_order":0,"comment_status":"closed","ping_status":"closed","template":"","meta":{"footnotes":""},"class_list":["post-242","page","type-page","status-publish","hentry"],"_links":{"self":[{"href":"https:\/\/cdl-aragon.es\/congresosecah\/index.php\/wp-json\/wp\/v2\/pages\/242","targetHints":{"allow":["GET"]}}],"collection":[{"href":"https:\/\/cdl-aragon.es\/congresosecah\/index.php\/wp-json\/wp\/v2\/pages"}],"about":[{"href":"https:\/\/cdl-aragon.es\/congresosecah\/index.php\/wp-json\/wp\/v2\/types\/page"}],"author":[{"embeddable":true,"href":"https:\/\/cdl-aragon.es\/congresosecah\/index.php\/wp-json\/wp\/v2\/users\/1"}],"replies":[{"embeddable":true,"href":"https:\/\/cdl-aragon.es\/congresosecah\/index.php\/wp-json\/wp\/v2\/comments?post=242"}],"version-history":[{"count":3,"href":"https:\/\/cdl-aragon.es\/congresosecah\/index.php\/wp-json\/wp\/v2\/pages\/242\/revisions"}],"predecessor-version":[{"id":534,"href":"https:\/\/cdl-aragon.es\/congresosecah\/index.php\/wp-json\/wp\/v2\/pages\/242\/revisions\/534"}],"wp:attachment":[{"href":"https:\/\/cdl-aragon.es\/congresosecah\/index.php\/wp-json\/wp\/v2\/media?parent=242"}],"curies":[{"name":"wp","href":"https:\/\/api.w.org\/{rel}","templated":true}]}}