{"id":48,"date":"2021-03-17T10:18:41","date_gmt":"2021-03-17T10:18:41","guid":{"rendered":"https:\/\/cdl-aragon.es\/capa\/?page_id=48"},"modified":"2025-11-26T20:35:38","modified_gmt":"2025-11-26T20:35:38","slug":"organizacion","status":"publish","type":"page","link":"https:\/\/cdl-aragon.es\/capa\/index.php\/organizacion\/","title":{"rendered":"Organizaci\u00f3n"},"content":{"rendered":"\n<div class=\"wp-block-cover alignwide is-light is-position-center-center\" style=\"min-height:375px;aspect-ratio:unset;\"><span aria-hidden=\"true\" class=\"wp-block-cover__background has-background-dim-0 has-background-dim\"><\/span><div class=\"wp-block-cover__inner-container is-layout-flow wp-block-cover-is-layout-flow\">\n<p class=\"has-text-align-center has-text-color\" style=\"color:#fffffa;font-size:74px;line-height:1.1\"><\/p>\n\n\n\n<div class=\"wp-block-cover\"><img loading=\"lazy\" decoding=\"async\" width=\"1024\" height=\"683\" class=\"wp-block-cover__image-background wp-image-1197\" alt=\"\" src=\"https:\/\/cdl-aragon.es\/capa\/wp-content\/uploads\/2025\/06\/FACULTAD-DE-FILOSOFIA-UNIZAR-066-1024x683.jpg\" data-object-fit=\"cover\" srcset=\"https:\/\/cdl-aragon.es\/capa\/wp-content\/uploads\/2025\/06\/FACULTAD-DE-FILOSOFIA-UNIZAR-066-1024x683.jpg 1024w, https:\/\/cdl-aragon.es\/capa\/wp-content\/uploads\/2025\/06\/FACULTAD-DE-FILOSOFIA-UNIZAR-066-300x200.jpg 300w, https:\/\/cdl-aragon.es\/capa\/wp-content\/uploads\/2025\/06\/FACULTAD-DE-FILOSOFIA-UNIZAR-066-768x512.jpg 768w, https:\/\/cdl-aragon.es\/capa\/wp-content\/uploads\/2025\/06\/FACULTAD-DE-FILOSOFIA-UNIZAR-066-1536x1024.jpg 1536w, https:\/\/cdl-aragon.es\/capa\/wp-content\/uploads\/2025\/06\/FACULTAD-DE-FILOSOFIA-UNIZAR-066-2048x1365.jpg 2048w\" sizes=\"auto, (max-width: 1024px) 100vw, 1024px\" \/><span aria-hidden=\"true\" class=\"wp-block-cover__background has-background-dim\"><\/span><div class=\"wp-block-cover__inner-container is-layout-flow wp-block-cover-is-layout-flow\">\n<p class=\"has-text-align-center\" style=\"font-size:92px\"><strong>Organizaci\u00f3n<\/strong><\/p>\n<\/div><\/div>\n<\/div><\/div>\n\n\n\n<p class=\"has-vivid-cyan-blue-background-color has-background has-normal-font-size\"><\/p>\n\n\n\n<p class=\"has-white-color has-vivid-cyan-blue-background-color has-text-color has-background has-medium-font-size\"><strong>Presidencia\/Edici\u00f3n<\/strong><\/p>\n\n\n\n<p class=\"has-normal-font-size\">Jos\u00e9 Ignacio Lorenzo Lizalde y Jos\u00e9 Mar\u00eda Rodan\u00e9s Vicente<\/p>\n\n\n\n<p class=\"has-white-color has-vivid-cyan-blue-background-color has-text-color has-background has-medium-font-size\"><strong>Secretario <\/strong><\/p>\n\n\n\n<p><strong>J. Carlos S\u00e1enz Preciado<\/strong><\/p>\n\n\n\n<p class=\"has-white-color has-vivid-cyan-blue-background-color has-text-color has-background has-medium-font-size\"><strong>Secretar\u00eda<\/strong><\/p>\n\n\n\n<p class=\"has-normal-font-size\">Carmen Villarreal Villen<\/p>\n\n\n\n<p class=\"has-white-color has-vivid-cyan-blue-background-color has-text-color has-background has-medium-font-size\"><strong>Comit\u00e9 Organizador<\/strong><\/p>\n\n\n\n<p class=\"has-normal-font-size\">Jos\u00e9 Antonio Andr\u00e9s Moreno (DGA)<br>Concepci\u00f3n Lomba Serrano (IPH)<br>Miguel Beltr\u00e1n Lloris (IFC)<br>M\u00aa Pilar Rivero Gracia (ARGOS)<br>Carlos S\u00e1enz Preciado (P3A)<br>Hugo Chaut\u00f3n P\u00e9rez (CDL Arag\u00f3n)<\/p>\n\n\n\n<p class=\"has-white-color has-vivid-cyan-blue-background-color has-text-color has-background has-medium-font-size\"><strong>Comit\u00e9 Cient\u00edfico<\/strong><\/p>\n\n\n\n<p class=\"has-text-align-left has-normal-font-size\">Isidro Aguilera Arag\u00f3n<br>Marta Alcolea Gracia<br>Manuel Bea Mart\u00ednez<br>Rafael Domingo Mart\u00ednez<br>Luis Fat\u00e1s Fern\u00e1ndez<br>Elena Maestro Zald\u00edvar<br>Mar\u00eda \u00c1ngeles Magall\u00f3n Botaya<br>Manuel Mart\u00edn Bueno<br>Carlos Mazo P\u00e9rez<br>Lourdes Montes Ramirez<br>Raquel Ornat Clemente<br>Jos\u00e9 Luis Pe\u00f1a Monn\u00e9<br>Jes\u00fas Picazo Mill\u00e1n<br>Aitor Ru\u00edz Redondo<br>Mar\u00eda Marta Sampietro Vattuone<br>Mar\u00eda Sebasti\u00e1n L\u00f3pez<br>Paula Uribe Agudo<br>Pilar Utrilla Miranda<\/p>\n\n\n\n<p class=\"has-text-align-left has-normal-font-size\">Jorge Angu\u00e1s Pajas <\/p>\n\n\n\n<p class=\"has-text-align-left has-normal-font-size\">Lara I\u00f1iguez Berrozpe<\/p>\n\n\n\n<p><\/p>\n\n\n\n<p class=\"has-white-color has-vivid-cyan-blue-background-color has-text-color has-background has-medium-font-size\"><strong>Organismos colaboradores<\/strong><\/p>\n\n\n\n<p class=\"has-normal-font-size\">Colegio Oficial de Doctores y Licenciados en Filosof\u00eda y Letras y en Ciencias de Arag\u00f3n<br>Departamento de Educaci\u00f3n Cultura y Deporte del Gobierno de Arag\u00f3n<br>Instituto de Patrimonio y Humanidades, Universidad de Zaragoza<br>C\u00e1tedra Galiay del Instituci\u00f3n Fernando el Cat\u00f3lico<br>Grupo de Investigaci\u00f3n P3A Primeros Pobladores y Patrimonio Arqueol\u00f3gico, Universidad de Zaragoza<br>Grupo de Investigaci\u00f3n ARGOS, Universidad de Zaragoza<\/p>\n","protected":false},"excerpt":{"rendered":"<p>Presidencia\/Edici\u00f3n Jos\u00e9 Ignacio Lorenzo Lizalde y Jos\u00e9 Mar\u00eda Rodan\u00e9s Vicente Secretario J. Carlos S\u00e1enz Preciado Secretar\u00eda Carmen Villarreal Villen Comit\u00e9 Organizador Jos\u00e9 Antonio Andr\u00e9s Moreno (DGA)Concepci\u00f3n Lomba Serrano (IPH)Miguel Beltr\u00e1n &#8230;<\/p>\n","protected":false},"author":1,"featured_media":174,"parent":0,"menu_order":0,"comment_status":"closed","ping_status":"closed","template":"","meta":{"_monsterinsights_skip_tracking":false,"_monsterinsights_sitenote_active":false,"_monsterinsights_sitenote_note":"","_monsterinsights_sitenote_category":0,"footnotes":""},"class_list":["post-48","page","type-page","status-publish","has-post-thumbnail","hentry"],"_links":{"self":[{"href":"https:\/\/cdl-aragon.es\/capa\/index.php\/wp-json\/wp\/v2\/pages\/48","targetHints":{"allow":["GET"]}}],"collection":[{"href":"https:\/\/cdl-aragon.es\/capa\/index.php\/wp-json\/wp\/v2\/pages"}],"about":[{"href":"https:\/\/cdl-aragon.es\/capa\/index.php\/wp-json\/wp\/v2\/types\/page"}],"author":[{"embeddable":true,"href":"https:\/\/cdl-aragon.es\/capa\/index.php\/wp-json\/wp\/v2\/users\/1"}],"replies":[{"embeddable":true,"href":"https:\/\/cdl-aragon.es\/capa\/index.php\/wp-json\/wp\/v2\/comments?post=48"}],"version-history":[{"count":26,"href":"https:\/\/cdl-aragon.es\/capa\/index.php\/wp-json\/wp\/v2\/pages\/48\/revisions"}],"predecessor-version":[{"id":1361,"href":"https:\/\/cdl-aragon.es\/capa\/index.php\/wp-json\/wp\/v2\/pages\/48\/revisions\/1361"}],"wp:featuredmedia":[{"embeddable":true,"href":"https:\/\/cdl-aragon.es\/capa\/index.php\/wp-json\/wp\/v2\/media\/174"}],"wp:attachment":[{"href":"https:\/\/cdl-aragon.es\/capa\/index.php\/wp-json\/wp\/v2\/media?parent=48"}],"curies":[{"name":"wp","href":"https:\/\/api.w.org\/{rel}","templated":true}]}}