{"id":345,"date":"2021-06-04T07:42:04","date_gmt":"2021-06-04T07:42:04","guid":{"rendered":"https:\/\/cdl-aragon.es\/capa\/?page_id=345"},"modified":"2021-06-07T16:16:39","modified_gmt":"2021-06-07T16:16:39","slug":"pilar-utrilla","status":"publish","type":"page","link":"https:\/\/cdl-aragon.es\/capa\/index.php\/pilar-utrilla\/","title":{"rendered":"Pilar Utrilla Miranda"},"content":{"rendered":"\n<p><strong>\u00abDEL PALEOL\u00cdTICO AL NEOL\u00cdTICO: 50 A\u00d1OS DE INVESTIGACI\u00d3N EN EL VALLE DEL EBRO\u00bb<\/strong><\/p>\n\n\n\n<p class=\"has-normal-font-size\">En un congreso dedicado a la Arqueolog\u00eda y Patrimonio aragon\u00e9s, Pilar, no necesita presentaci\u00f3n. Quienes lo organizamos, participamos o asistimos la conocemos. Tampoco necesita una justificaci\u00f3n el Homenaje que desde diferentes \u00e1mbitos e instituciones queremos rendir con esta IV edici\u00f3n del CAPA a su dilatada y fruct\u00edfera trayectoria.&nbsp;<\/p>\n\n\n\n<p class=\"has-normal-font-size\">Su presencia nos ha acompa\u00f1ado desde aquel lejano 1976 cuando present\u00f3 su Tesis Doctoral y desde 1986 cuando, sucediendo a Antonio Beltr\u00e1n, accedi\u00f3 a la c\u00e1tedra de Prehistoria de la Universidad de Zaragoza.<\/p>\n\n\n\n<p class=\"has-normal-font-size\">Este a\u00f1o le llega la hora de la jubilaci\u00f3n, jubilaci\u00f3n administrativa que se ver\u00e1 prolongada como Profesora Em\u00e9rita, lo que a nosotros nos permitir\u00e1 seguir contando con su quehacer cotidiano y a ella seguir disfrutando de una de sus pasiones: la prehistoria.<\/p>\n\n\n\n<p class=\"has-normal-font-size\">Esta nueva etapa no es el final, es un cambio de situaci\u00f3n, un punto y seguido a toda una vida acad\u00e9mica dedicada a la docencia e investigaci\u00f3n con un extenso <em>curriculum<\/em> trufado de referencias a los primeros habitantes del valle del Ebro. Seguro que muchos de los participantes en esta especial edici\u00f3n recordamos vivencias y an\u00e9cdotas&nbsp; con ella como protagonista y, por descontado, hemos manejado algunas de sus m\u00e1s de 280 contribuciones cient\u00edficas.<\/p>\n\n\n\n<p class=\"has-normal-font-size\">Por todo ello, gracias.&nbsp;<\/p>\n\n\n\n<p class=\"has-normal-font-size\">Esperamos que nuestras aportaciones en este congreso est\u00e9n a la altura y sean un reflejo de las ense\u00f1anzas que nos has trasmitido.<\/p>\n\n\n\n<figure class=\"wp-block-gallery aligncenter columns-2 is-cropped wp-block-gallery-1 is-layout-flex wp-block-gallery-is-layout-flex\"><ul class=\"blocks-gallery-grid\"><li class=\"blocks-gallery-item\"><figure><img loading=\"lazy\" decoding=\"async\" width=\"1024\" height=\"894\" src=\"https:\/\/cdl-aragon.es\/capa\/wp-content\/uploads\/2021\/06\/PiliOlvena-1024x894.jpg\" alt=\"\" data-id=\"369\" data-full-url=\"https:\/\/cdl-aragon.es\/capa\/wp-content\/uploads\/2021\/06\/PiliOlvena.jpg\" data-link=\"https:\/\/cdl-aragon.es\/capa\/piliolvena\/\" class=\"wp-image-369\" srcset=\"https:\/\/cdl-aragon.es\/capa\/wp-content\/uploads\/2021\/06\/PiliOlvena-1024x894.jpg 1024w, https:\/\/cdl-aragon.es\/capa\/wp-content\/uploads\/2021\/06\/PiliOlvena-300x262.jpg 300w, https:\/\/cdl-aragon.es\/capa\/wp-content\/uploads\/2021\/06\/PiliOlvena-768x671.jpg 768w, https:\/\/cdl-aragon.es\/capa\/wp-content\/uploads\/2021\/06\/PiliOlvena.jpg 1088w\" sizes=\"auto, (max-width: 1024px) 100vw, 1024px\" \/><\/figure><\/li><li class=\"blocks-gallery-item\"><figure><img loading=\"lazy\" decoding=\"async\" width=\"1024\" height=\"678\" src=\"https:\/\/cdl-aragon.es\/capa\/wp-content\/uploads\/2021\/06\/Foto-Lorenzo-1024x678.jpg\" alt=\"\" data-id=\"387\" data-full-url=\"https:\/\/cdl-aragon.es\/capa\/wp-content\/uploads\/2021\/06\/Foto-Lorenzo.jpg\" data-link=\"https:\/\/cdl-aragon.es\/capa\/foto-lorenzo\/\" class=\"wp-image-387\" srcset=\"https:\/\/cdl-aragon.es\/capa\/wp-content\/uploads\/2021\/06\/Foto-Lorenzo-1024x678.jpg 1024w, https:\/\/cdl-aragon.es\/capa\/wp-content\/uploads\/2021\/06\/Foto-Lorenzo-300x199.jpg 300w, https:\/\/cdl-aragon.es\/capa\/wp-content\/uploads\/2021\/06\/Foto-Lorenzo-768x508.jpg 768w, https:\/\/cdl-aragon.es\/capa\/wp-content\/uploads\/2021\/06\/Foto-Lorenzo-1536x1017.jpg 1536w, https:\/\/cdl-aragon.es\/capa\/wp-content\/uploads\/2021\/06\/Foto-Lorenzo-2048x1356.jpg 2048w\" sizes=\"auto, (max-width: 1024px) 100vw, 1024px\" \/><\/figure><\/li><li class=\"blocks-gallery-item\"><figure><img loading=\"lazy\" decoding=\"async\" width=\"637\" height=\"1024\" src=\"https:\/\/cdl-aragon.es\/capa\/wp-content\/uploads\/2021\/06\/Pili-637x1024.jpg\" alt=\"\" data-id=\"374\" data-full-url=\"https:\/\/cdl-aragon.es\/capa\/wp-content\/uploads\/2021\/06\/Pili-scaled.jpg\" data-link=\"https:\/\/cdl-aragon.es\/capa\/pili\/\" class=\"wp-image-374\" srcset=\"https:\/\/cdl-aragon.es\/capa\/wp-content\/uploads\/2021\/06\/Pili-637x1024.jpg 637w, https:\/\/cdl-aragon.es\/capa\/wp-content\/uploads\/2021\/06\/Pili-187x300.jpg 187w, https:\/\/cdl-aragon.es\/capa\/wp-content\/uploads\/2021\/06\/Pili-768x1234.jpg 768w, https:\/\/cdl-aragon.es\/capa\/wp-content\/uploads\/2021\/06\/Pili-956x1536.jpg 956w, https:\/\/cdl-aragon.es\/capa\/wp-content\/uploads\/2021\/06\/Pili-1275x2048.jpg 1275w, https:\/\/cdl-aragon.es\/capa\/wp-content\/uploads\/2021\/06\/Pili-scaled.jpg 1594w\" sizes=\"auto, (max-width: 637px) 100vw, 637px\" \/><\/figure><\/li><li class=\"blocks-gallery-item\"><figure><img loading=\"lazy\" decoding=\"async\" width=\"1024\" height=\"683\" src=\"https:\/\/cdl-aragon.es\/capa\/wp-content\/uploads\/2021\/06\/Cueva_Conde3-1024x683.jpg\" alt=\"\" data-id=\"373\" data-full-url=\"https:\/\/cdl-aragon.es\/capa\/wp-content\/uploads\/2021\/06\/Cueva_Conde3-scaled.jpg\" data-link=\"https:\/\/cdl-aragon.es\/capa\/cueva_conde3\/\" class=\"wp-image-373\" srcset=\"https:\/\/cdl-aragon.es\/capa\/wp-content\/uploads\/2021\/06\/Cueva_Conde3-1024x683.jpg 1024w, https:\/\/cdl-aragon.es\/capa\/wp-content\/uploads\/2021\/06\/Cueva_Conde3-300x200.jpg 300w, https:\/\/cdl-aragon.es\/capa\/wp-content\/uploads\/2021\/06\/Cueva_Conde3-768x512.jpg 768w, https:\/\/cdl-aragon.es\/capa\/wp-content\/uploads\/2021\/06\/Cueva_Conde3-1536x1024.jpg 1536w, https:\/\/cdl-aragon.es\/capa\/wp-content\/uploads\/2021\/06\/Cueva_Conde3-2048x1365.jpg 2048w\" sizes=\"auto, (max-width: 1024px) 100vw, 1024px\" \/><\/figure><\/li><li class=\"blocks-gallery-item\"><figure><img loading=\"lazy\" decoding=\"async\" width=\"1024\" height=\"680\" src=\"https:\/\/cdl-aragon.es\/capa\/wp-content\/uploads\/2021\/06\/Trucho1_Corchon-1024x680.jpg\" alt=\"\" data-id=\"372\" data-full-url=\"https:\/\/cdl-aragon.es\/capa\/wp-content\/uploads\/2021\/06\/Trucho1_Corchon-scaled.jpg\" data-link=\"https:\/\/cdl-aragon.es\/capa\/trucho1_corchon\/\" class=\"wp-image-372\" srcset=\"https:\/\/cdl-aragon.es\/capa\/wp-content\/uploads\/2021\/06\/Trucho1_Corchon-1024x680.jpg 1024w, https:\/\/cdl-aragon.es\/capa\/wp-content\/uploads\/2021\/06\/Trucho1_Corchon-300x199.jpg 300w, https:\/\/cdl-aragon.es\/capa\/wp-content\/uploads\/2021\/06\/Trucho1_Corchon-768x510.jpg 768w, https:\/\/cdl-aragon.es\/capa\/wp-content\/uploads\/2021\/06\/Trucho1_Corchon-1536x1020.jpg 1536w, https:\/\/cdl-aragon.es\/capa\/wp-content\/uploads\/2021\/06\/Trucho1_Corchon-2048x1360.jpg 2048w\" sizes=\"auto, (max-width: 1024px) 100vw, 1024px\" \/><\/figure><\/li><li class=\"blocks-gallery-item\"><figure><img loading=\"lazy\" decoding=\"async\" width=\"1024\" height=\"683\" src=\"https:\/\/cdl-aragon.es\/capa\/wp-content\/uploads\/2021\/06\/Roca_Benedi-1024x683.jpg\" alt=\"\" data-id=\"371\" data-full-url=\"https:\/\/cdl-aragon.es\/capa\/wp-content\/uploads\/2021\/06\/Roca_Benedi-scaled.jpg\" data-link=\"https:\/\/cdl-aragon.es\/capa\/roca_benedi\/\" class=\"wp-image-371\" srcset=\"https:\/\/cdl-aragon.es\/capa\/wp-content\/uploads\/2021\/06\/Roca_Benedi-1024x683.jpg 1024w, https:\/\/cdl-aragon.es\/capa\/wp-content\/uploads\/2021\/06\/Roca_Benedi-300x200.jpg 300w, https:\/\/cdl-aragon.es\/capa\/wp-content\/uploads\/2021\/06\/Roca_Benedi-768x512.jpg 768w, https:\/\/cdl-aragon.es\/capa\/wp-content\/uploads\/2021\/06\/Roca_Benedi-1536x1024.jpg 1536w, https:\/\/cdl-aragon.es\/capa\/wp-content\/uploads\/2021\/06\/Roca_Benedi-2048x1365.jpg 2048w\" sizes=\"auto, (max-width: 1024px) 100vw, 1024px\" \/><\/figure><\/li><li class=\"blocks-gallery-item\"><figure><img loading=\"lazy\" decoding=\"async\" width=\"1024\" height=\"765\" src=\"https:\/\/cdl-aragon.es\/capa\/wp-content\/uploads\/2021\/06\/Abauntz_documental-1024x765.jpg\" alt=\"\" data-id=\"370\" data-full-url=\"https:\/\/cdl-aragon.es\/capa\/wp-content\/uploads\/2021\/06\/Abauntz_documental-scaled.jpg\" data-link=\"https:\/\/cdl-aragon.es\/capa\/abauntz_documental\/\" class=\"wp-image-370\" srcset=\"https:\/\/cdl-aragon.es\/capa\/wp-content\/uploads\/2021\/06\/Abauntz_documental-1024x765.jpg 1024w, https:\/\/cdl-aragon.es\/capa\/wp-content\/uploads\/2021\/06\/Abauntz_documental-300x224.jpg 300w, https:\/\/cdl-aragon.es\/capa\/wp-content\/uploads\/2021\/06\/Abauntz_documental-768x574.jpg 768w, https:\/\/cdl-aragon.es\/capa\/wp-content\/uploads\/2021\/06\/Abauntz_documental-1536x1147.jpg 1536w, https:\/\/cdl-aragon.es\/capa\/wp-content\/uploads\/2021\/06\/Abauntz_documental-2048x1530.jpg 2048w\" sizes=\"auto, (max-width: 1024px) 100vw, 1024px\" \/><\/figure><\/li><li class=\"blocks-gallery-item\"><figure><img loading=\"lazy\" decoding=\"async\" width=\"651\" height=\"1024\" src=\"https:\/\/cdl-aragon.es\/capa\/wp-content\/uploads\/2021\/06\/PHOTO-2021-06-07-11-05-32-651x1024.jpg\" alt=\"\" data-id=\"376\" data-full-url=\"https:\/\/cdl-aragon.es\/capa\/wp-content\/uploads\/2021\/06\/PHOTO-2021-06-07-11-05-32.jpg\" data-link=\"https:\/\/cdl-aragon.es\/capa\/photo-2021-06-07-11-05-32\/\" class=\"wp-image-376\" srcset=\"https:\/\/cdl-aragon.es\/capa\/wp-content\/uploads\/2021\/06\/PHOTO-2021-06-07-11-05-32-651x1024.jpg 651w, https:\/\/cdl-aragon.es\/capa\/wp-content\/uploads\/2021\/06\/PHOTO-2021-06-07-11-05-32-191x300.jpg 191w, https:\/\/cdl-aragon.es\/capa\/wp-content\/uploads\/2021\/06\/PHOTO-2021-06-07-11-05-32.jpg 720w\" sizes=\"auto, (max-width: 651px) 100vw, 651px\" \/><\/figure><\/li><\/ul><\/figure>\n\n\n\n<p><\/p>\n","protected":false},"excerpt":{"rendered":"<p>\u00abDEL PALEOL\u00cdTICO AL NEOL\u00cdTICO: 50 A\u00d1OS DE INVESTIGACI\u00d3N EN EL VALLE DEL EBRO\u00bb En un congreso dedicado a la Arqueolog\u00eda y Patrimonio aragon\u00e9s, Pilar, no necesita presentaci\u00f3n. Quienes lo organizamos, &#8230;<\/p>\n","protected":false},"author":1,"featured_media":0,"parent":0,"menu_order":0,"comment_status":"closed","ping_status":"closed","template":"","meta":{"_monsterinsights_skip_tracking":false,"_monsterinsights_sitenote_active":false,"_monsterinsights_sitenote_note":"","_monsterinsights_sitenote_category":0,"footnotes":""},"class_list":["post-345","page","type-page","status-publish","hentry"],"_links":{"self":[{"href":"https:\/\/cdl-aragon.es\/capa\/index.php\/wp-json\/wp\/v2\/pages\/345","targetHints":{"allow":["GET"]}}],"collection":[{"href":"https:\/\/cdl-aragon.es\/capa\/index.php\/wp-json\/wp\/v2\/pages"}],"about":[{"href":"https:\/\/cdl-aragon.es\/capa\/index.php\/wp-json\/wp\/v2\/types\/page"}],"author":[{"embeddable":true,"href":"https:\/\/cdl-aragon.es\/capa\/index.php\/wp-json\/wp\/v2\/users\/1"}],"replies":[{"embeddable":true,"href":"https:\/\/cdl-aragon.es\/capa\/index.php\/wp-json\/wp\/v2\/comments?post=345"}],"version-history":[{"count":12,"href":"https:\/\/cdl-aragon.es\/capa\/index.php\/wp-json\/wp\/v2\/pages\/345\/revisions"}],"predecessor-version":[{"id":393,"href":"https:\/\/cdl-aragon.es\/capa\/index.php\/wp-json\/wp\/v2\/pages\/345\/revisions\/393"}],"wp:attachment":[{"href":"https:\/\/cdl-aragon.es\/capa\/index.php\/wp-json\/wp\/v2\/media?parent=345"}],"curies":[{"name":"wp","href":"https:\/\/api.w.org\/{rel}","templated":true}]}}